ded by 14949564.
9
What is the remainder when 44529467 is divided by 16?
11
What is the remainder when 1861373 is divided by 192?
125
Calculate the remainder when 354450 is divided by 1401.
1398
What is the remainder when 42766721 is divided by 18?
17
Calculate the remainder when 107911811 is divided by 28.
7
Calculate the remainder when 37805 is divided by 5339.
432
Calculate the remainder when 13837475 is divided by 109821.
29
Calculate the remainder when 1149925 is divided by 63870.
265
What is the remainder when 28781254 is divided by 67?
64
Calculate the remainder when 345836 is divided by 18.
2
What is the remainder when 51671 is divided by 8753?
7906
Calculate the remainder when 7553253 is divided by 2517735.
48
Calculate the remainder when 336085 is divided by 112008.
61
What is the remainder when 931045 is divided by 90?
85
Calculate the remainder when 432551 is divided by 2501.
2379
Calculate the remainder when 2734107 is divided by 338.
25
What is the remainder when 10951 is divided by 2059?
656
Calculate the remainder when 55640 is divided by 3847.
1782
What is the remainder when 63412 is divided by 3892?
1140
Calculate the remainder when 28285651 is divided by 759.
757
Calculate the remainder when 111295 is divided by 27737.
347
Calculate the remainder when 59830 is divided by 285.
265
Calculate the remainder when 44320350 is divided by 156609.
3
Calculate the remainder when 25202616 is divided by 1260130.
16
Calculate the remainder when 18781236 is divided by 99900.
36
What is the remainder when 156846 is divided by 26137?
24
Calculate the remainder when 435964 is divided by 1463.
1453
What is the remainder when 3921549 is divided by 420?
9
What is the remainder when 12400372 is divided by 149?
145
What is the remainder when 3078685 is divided by 439811?
8
Calculate the remainder when 345494 is divided by 259.
247
What is the remainder when 11628789 is divided by 3876258?
15
Calculate the remainder when 989454408 is divided by 2277.
2274
Calculate the remainder when 2931835 is divided by 266529.
16
What is the remainder when 4019475 is divided by 2120?
2075
What is the remainder when 114029 is divided by 1374?
1361
What is the remainder when 5548 is divided by 5371?
177
Calculate the remainder when 308355 is divided by 102784.
3
What is the remainder when 36069 is divided by 880?
869
Calculate the remainder when 63829188 is divided by 417184.
36
Calculate the remainder when 226155 is divided by 9423.
3
Calculate the remainder when 108900196 is divided by 198.
196
Calculate the remainder when 1255603 is divided by 853.
840
Calculate the remainder when 60751 is divided by 78.
67
What is the remainder when 797394 is divided by 14347?
8309
What is the remainder when 215368 is divided by 2950?
18
Calculate the remainder when 34340478 is divided by 320.
318
What is the remainder when 18001936 is divided by 4500480?
16
What is the remainder when 8915551 is divided by 53?
50
What is the remainder when 21961977 is divided by 10980988?
1
Calculate the remainder when 1844775099 is divided by 194.
193
What is the remainder when 15461328 is divided by 147?
15
What is the remainder when 243661 is divided by 697?
408
What is the remainder when 11202285 is divided by 3017?
164
What is the remainder when 2497007 is divided by 650?
357
What is the remainder when 7858393 is divided by 48508?
97
Calculate the remainder when 9852051 is divided by 1961.
1948
Calculate the remainder when 6929113 is divided by 47.
44
Calculate the remainder when 1485014 is divided by 22.
14
What is the remainder when 8412770 is divided by 17?
14
What is the remainder when 2988240 is divided by 119529?
15
What is the remainder when 34365 is divided by 208?
45
Calculate the remainder when 148793500 is divided by 11857.
7
What is the remainder when 14549 is divided by 3614?
93
Calculate the remainder when 5732976 is divided by 1910989.
9
Calculate the remainder when 13454997 is divided by 1560.
1557
What is the remainder when 551711 is divided by 20430?
101
Calculate the remainder when 18412 is divided by 17693.
719
What is the remainder when 22082389 is divided by 26?
17
What is the remainder when 18674322 is divided by 3207?
3168
Calculate the remainder when 1629087 is divided by 271514.
3
What is the remainder when 418106 is divided by 385?
381
What is the remainder when 2725718 is divided by 47810?
548
Calculate the remainder when 4947146 is divided by 53.
20
What is the remainder when 2189049 is divided by 31?
15
What is the remainder when 368626 is divided by 30710?
106
Calculate the remainder when 4850097 is divided by 204.
201
What is the remainder when 2473419 is divided by 162?
3
Calculate the remainder when 42868643 is divided by 182.
181
What is the remainder when 15770920 is divided by 644?
4
Calculate the remainder when 149133 is divided by 7824.
477
What is the remainder when 2529863 is divided by 164?
163
Calculate the remainder when 13591642 is divided by 66.
64
What is the remainder when 26905 is divided by 5369?
60
What is the remainder when 3182190 is divided by 87?
78
What is the remainder when 5079834 is divided by 1269944?
58
What is the remainder when 1358236 is divided by 7?
5
What is the remainder when 507109 is divided by 363?
361
What is the remainder when 900680 is divided by 450285?
110
Calculate the remainder when 4841890 is divided by 100.
90
Calculate the remainder when 498627 is divided by 4455.
4122
What is the remainder when 2269956 is divided by 3472?
2740
What is the remainder when 2615609710 is divided by 209?
208
Calculate the remainder when 4975011 is divided by 17.
12
What is the remainder when 21714131 is divided by 31?
26
Calculate the remainder when 1264438 is divided by 1203.
85
What is the remainder when 77898689 is divided by 38949343?
3
Calculate the remainder when 3383600 is divided by 1263.
23
Calculate the remainder when 9036353 is divided by 19064.
17
Calculate the remainder when 52902 is divided by 898.
818
Calculate the remainder when 1151789 is divided by 7066.
31
What is the remainder when 226100 is divided by 31997?
2121
Calculate the remainder when 533366 is divided by 527732.
5634
What is the remainder when 414591 is divided by 245?
51
Calculate the remainder when 7639879 is divided by 848875.
4
Calculate the remainder when 26867636 is divided by 7422.
7418
What is the remainder when 9548921 is divided by 483?
11
What is the remainder when 69242 is divided by 4382?
3512
What is the remainder when 8690843 is divided by 167?
163
What is the remainder when 911270 is divided by 1178?
676
Calculate the remainder when 348302 is divided by 187.
108
Calculate the remainder when 6814211 is divided by 174723.
14
What is the remainder when 254088 is divided by 836?
780
Calculate the remainder when 850332 is divided by 850324.
8
What is the remainder when 13498207 is divided by 94?
89
Calculate the remainder when 96939 is divided by 679.
521
Calculate the remainder when 2144976 is divided by 39.
15
Calculate the remainder when 8049667 is divided by 44.
43
What is the remainder when 4182916 is divided by 113?
108
What is the remainder when 158640501 is divided by 160893?
3
What is the remainder when 13213 is divided by 2820?
1933
Calculate the remainder when 39819 is divided by 989.
259
Calculate the remainder when 56066322 is divided by 17.
16
Calculate the remainder when 119882867 is divided by 372307.
13
Calculate the remainder when 60937 is divided by 20111.
604
Calculate the remainder when 96990 is divided by 676.
322
What is the remainder when 487357 is divided by 67?
66
What is the remainder when 131519940 is divided by 453?
450
What is the remainder when 2380508 is divided by 223?
206
What is the remainder when 75758531 is divided by 26?
17
What is the remainder when 65119858 is divided by 117?
115
Calculate the remainder when 6006235 is divided by 4805.
4790
What is the remainder when 40969717 is divided by 81?
79
Calculate the remainder when 11296405 is divided by 3765468.
1
What is the remainder when 1353925 is divided by 338476?
21
Calculate the remainder when 5482992 is divided by 859.
854
Calculate the remainder when 11450848 is divided by 170.
158
Calculate the remainder when 48692158 is divided by 1740.
17